{"id":240,"date":"2024-04-01T09:40:11","date_gmt":"2024-04-01T07:40:11","guid":{"rendered":"https:\/\/upplevsoderasen.se\/smakerfransoderasen\/?page_id=240"},"modified":"2024-04-14T08:19:37","modified_gmt":"2024-04-14T06:19:37","slug":"recept","status":"publish","type":"page","link":"https:\/\/upplevsoderasen.se\/smakerfransoderasen\/recept\/","title":{"rendered":"Recept"},"content":{"rendered":"<p>[et_pb_section fb_built=&#8221;1&#8243; disabled_on=&#8221;on|off|off&#8221; _builder_version=&#8221;4.24.2&#8243; _module_preset=&#8221;default&#8221; use_background_color_gradient=&#8221;on&#8221; background_color_gradient_direction=&#8221;90deg&#8221; background_color_gradient_stops=&#8221;#3f3f3f 0%|rgba(0,0,0,0.26) 100%&#8221; background_color_gradient_overlays_image=&#8221;on&#8221; background_color_gradient_start=&#8221;#000000&#8243; background_color_gradient_end=&#8221;rgba(0,0,0,0.26)&#8221; background_image=&#8221;http:\/\/upplevsoderasen.se\/smakerfransoderasen\/wp-content\/uploads\/sites\/3\/2024\/03\/Z8B3357_websize.jpg&#8221; background_position=&#8221;bottom_center&#8221; custom_padding=&#8221;158px|||||&#8221; bottom_divider_color=&#8221;#FFFFFF&#8221; bottom_divider_height_tablet=&#8221;&#8221; bottom_divider_height_phone=&#8221;50px&#8221; bottom_divider_height_last_edited=&#8221;on|phone&#8221; global_colors_info=&#8221;{}&#8221;][et_pb_row column_structure=&#8221;3_5,2_5&#8243; _builder_version=&#8221;4.16&#8243; _module_preset=&#8221;_initial&#8221; max_width=&#8221;1200px&#8221; global_colors_info=&#8221;{}&#8221;][et_pb_column type=&#8221;3_5&#8243; _builder_version=&#8221;4.16&#8243; _module_preset=&#8221;default&#8221; global_colors_info=&#8221;{}&#8221;][et_pb_text _builder_version=&#8221;4.24.2&#8243; _module_preset=&#8221;default&#8221; text_text_color=&#8221;#E5E5E5&#8243; text_font_size=&#8221;20px&#8221; header_font=&#8221;||||||||&#8221; header_text_color=&#8221;#FFFFFF&#8221; header_font_size=&#8221;68px&#8221; header_4_font=&#8221;|||on|||||&#8221; header_4_text_color=&#8221;#E5E5E5&#8243; header_4_font_size=&#8221;15px&#8221; background_enable_image=&#8221;off&#8221; text_font_size_tablet=&#8221;19px&#8221; text_font_size_phone=&#8221;18px&#8221; text_font_size_last_edited=&#8221;on|desktop&#8221; header_font_size_tablet=&#8221;&#8221; header_font_size_phone=&#8221;60px&#8221; header_font_size_last_edited=&#8221;on|phone&#8221; global_colors_info=&#8221;{}&#8221;]<\/p>\n<h4><\/h4>\n<h1>Recept<\/h1>\n<p>H\u00e4r hittar du medlemmarnas egna favoritrecept<\/p>\n<p>[\/et_pb_text][\/et_pb_column][et_pb_column type=&#8221;2_5&#8243; _builder_version=&#8221;4.16&#8243; _module_preset=&#8221;default&#8221; global_colors_info=&#8221;{}&#8221;][\/et_pb_column][\/et_pb_row][\/et_pb_section][et_pb_section fb_built=&#8221;1&#8243; _builder_version=&#8221;4.16&#8243; _module_preset=&#8221;default&#8221; custom_padding=&#8221;8px|||||&#8221; global_colors_info=&#8221;{}&#8221;][et_pb_row _builder_version=&#8221;4.24.2&#8243; _module_preset=&#8221;default&#8221; width_tablet=&#8221;&#8221; width_phone=&#8221;98%&#8221; width_last_edited=&#8221;on|phone&#8221; global_colors_info=&#8221;{}&#8221;][et_pb_column type=&#8221;4_4&#8243; _builder_version=&#8221;4.24.2&#8243; _module_preset=&#8221;default&#8221; global_colors_info=&#8221;{}&#8221;][et_pb_code _builder_version=&#8221;4.24.2&#8243; _module_preset=&#8221;default&#8221; global_colors_info=&#8221;{}&#8221;]<div id=\"gv-view-400-1\" class=\"gv-template-list\">\t\t<div class=\"gv-grid gv-widgets-header\">\n\t\t\t\t\t\t\t<div class=\"gv-grid-row\">\n\t\t\t\t\t\t\t\t\t<div class=\"gv-grid-col-1-1 gv-left\">\n\t\t\t\t\t\t<div class=\"gv-widget-custom-content \"><h2>\n\tRecept fr\u00e5n Smaker fr\u00e5n S\u00f6der\u00e5sens g\u00e5rdar<br \/>\n<\/h2>\n<p>\n\tH\u00e4r hittar du medlemmarnas egna favoritrecept<\/p>\n<\/div>\n<form class=\"gv-widget-search gv-search-horizontal gv-search-rows\"\n\t  method=\"get\" action=\"https:\/\/upplevsoderasen.se\/smakerfransoderasen\/recept\/#gv-view-400-1\"\n\t  data-viewid=\"400\">\n\t\n\t<div class=\"gv-widget-search-general-search gv-grid\">\n\t\t\t<div class=\"gv-grid-row\">\n\t\t\t\t\t<div class=\"gv-grid-col-1-1\">\n\t\t\t\t<div class=\"gv-search-widget-area gv-search-horizontal\"><script type=\"text\/javascript\">\n\/* <![CDATA[ *\/\nvar gform;gform||(document.addEventListener(\"gform_main_scripts_loaded\",function(){gform.scriptsLoaded=!0}),document.addEventListener(\"gform\/theme\/scripts_loaded\",function(){gform.themeScriptsLoaded=!0}),window.addEventListener(\"DOMContentLoaded\",function(){gform.domLoaded=!0}),gform={domLoaded:!1,scriptsLoaded:!1,themeScriptsLoaded:!1,isFormEditor:()=>\"function\"==typeof InitializeEditor,callIfLoaded:function(o){return!(!gform.domLoaded||!gform.scriptsLoaded||!gform.themeScriptsLoaded&&!gform.isFormEditor()||(gform.isFormEditor()&&console.warn(\"The use of gform.initializeOnLoaded() is deprecated in the form editor context and will be removed in Gravity Forms 3.1.\"),o(),0))},initializeOnLoaded:function(o){gform.callIfLoaded(o)||(document.addEventListener(\"gform_main_scripts_loaded\",()=>{gform.scriptsLoaded=!0,gform.callIfLoaded(o)}),document.addEventListener(\"gform\/theme\/scripts_loaded\",()=>{gform.themeScriptsLoaded=!0,gform.callIfLoaded(o)}),window.addEventListener(\"DOMContentLoaded\",()=>{gform.domLoaded=!0,gform.callIfLoaded(o)}))},hooks:{action:{},filter:{}},addAction:function(o,r,e,t){gform.addHook(\"action\",o,r,e,t)},addFilter:function(o,r,e,t){gform.addHook(\"filter\",o,r,e,t)},doAction:function(o){gform.doHook(\"action\",o,arguments)},applyFilters:function(o){return gform.doHook(\"filter\",o,arguments)},removeAction:function(o,r){gform.removeHook(\"action\",o,r)},removeFilter:function(o,r,e){gform.removeHook(\"filter\",o,r,e)},addHook:function(o,r,e,t,n){null==gform.hooks[o][r]&&(gform.hooks[o][r]=[]);var d=gform.hooks[o][r];null==n&&(n=r+\"_\"+d.length),gform.hooks[o][r].push({tag:n,callable:e,priority:t=null==t?10:t})},doHook:function(r,o,e){var t;if(e=Array.prototype.slice.call(e,1),null!=gform.hooks[r][o]&&((o=gform.hooks[r][o]).sort(function(o,r){return o.priority-r.priority}),o.forEach(function(o){\"function\"!=typeof(t=o.callable)&&(t=window[t]),\"action\"==r?t.apply(null,e):e[0]=t.apply(null,e)})),\"filter\"==r)return e[0]},removeHook:function(o,r,t,n){var e;null!=gform.hooks[o][r]&&(e=(e=gform.hooks[o][r]).filter(function(o,r,e){return!!(null!=n&&n!=o.tag||null!=t&&t!=o.priority)}),gform.hooks[o][r]=e)}});\n\/* ]]> *\/\n<\/script>\n\n<div class=\"gv-search-box gv-search-field-text gv-search-field-search_all \">\n    <div class=\"gv-search\">\n\t\t            <label for=\"gv_search_400\">Fris\u00f6k<\/label>\n\t\t        <p>\n\t\t\t<input type=\"search\" name=\"gv_search\" id=\"gv_search_400\" value=\"\" placeholder=\"\"\/>        <\/p>\n    <\/div>\n<\/div>\n<div class=\"gv-search-box gv-search-field-select \">\n\t\t\t<label for=\"search-box-filter_3\">Recept fr\u00e5n<\/label>\n\t\t<p>\n\t\t<select name=\"filter_3\" id=\"search-box-filter_3\">\n\t\t\t<option value=\"\"  selected='selected'>&mdash;<\/option>\n\t\t\t\t\t\t\t\t\t\t\t\t<option value=\"Bonnarps Hjortg\u00e5rd &amp; Veterin\u00e4r\" >Bonnarps Hjortg\u00e5rd &amp; Veterin\u00e4r<\/option>\n\t\t\t\t\t\t\t\t\t\t\t\t\t\t\t\t<option value=\"Da Aldo\" >Da Aldo<\/option>\n\t\t\t\t\t\t\t\t\t\t\t\t\t\t\t\t<option value=\"Dym\u00f6llans \u00c5lr\u00f6keri\" >Dym\u00f6llans \u00c5lr\u00f6keri<\/option>\n\t\t\t\t\t\t\t\t\t\t\t\t\t\t\t\t<option value=\"Forsby \u00e4ngar\" >Forsby \u00e4ngar<\/option>\n\t\t\t\t\t\t\t\t\t\t\t\t\t\t\t\t<option value=\"Gyeg\u00e5rden - \u00c4ppelodling och G\u00e5rdsbutik\" >Gyeg\u00e5rden - \u00c4ppelodling och G\u00e5rdsbutik<\/option>\n\t\t\t\t\t\t\t\t\t\t\t\t\t\t\t\t<option value=\"Norrehus\" >Norrehus<\/option>\n\t\t\t\t\t\t\t\t\t\t\t\t\t\t\t\t<option value=\"S\u00e5nnag\u00e5rden\" >S\u00e5nnag\u00e5rden<\/option>\n\t\t\t\t\t\t\t\t\t\t\t\t\t\t\t\t<option value=\"Sigvard M\u00e5nsg\u00e5rd\" >Sigvard M\u00e5nsg\u00e5rd<\/option>\n\t\t\t\t\t\t\t\t\t\t\t\t\t\t\t\t<option value=\"Sk\u00e5nehill G\u00e5rd\" >Sk\u00e5nehill G\u00e5rd<\/option>\n\t\t\t\t\t\t\t\t\t\t\t\t\t\t\t\t<option value=\"S\u00f6der\u00e5sen Projekt &amp; Eventbyr\u00e5\" >S\u00f6der\u00e5sen Projekt &amp; Eventbyr\u00e5<\/option>\n\t\t\t\t\t\t\t\t\t\t\t\t\t\t\t\t<option value=\"Stenestad Park\" >Stenestad Park<\/option>\n\t\t\t\t\t\t\t\t\t<\/select>\n\t<\/p>\n<\/div>\n<\/div>\t\t\t<\/div>\n\t\t\t<\/div>\n\t<div class=\"gv-grid-row\">\n\t\t\t\t\t<div class=\"gv-grid-col-1-2\">\n\t\t\t\t<div class=\"gv-search-widget-area\"><div class=\"gv-search-box gv-search-box-submit \">\n\t<a class=\"button gv-search-clear\" href=\"\/smakerfransoderasen\/wp-json\/wp\/v2\/pages\/240\">Klar<\/a><input type=\"submit\" class=\"button gv-search-button\" id=\"gv_search_button_400\" value=\"S\u00f6k\"\/><\/div>\n<\/div>\t\t\t<\/div>\n\t\t\t\t\t<div class=\"gv-grid-col-1-2\">\n\t\t\t\t<div class=\"gv-search-widget-area\"><input type=\"hidden\" name=\"mode\" value=\"any\">\n<\/div>\t\t\t<\/div>\n\t\t\t<\/div>\n\t<\/div>\n\n\t\n\t<\/form>\n\t\t\t\t\t<\/div>\n\t\t\t\t\t\t\t\t<\/div>\n\t\t\t\t\t\t\t<div class=\"gv-grid-row\">\n\t\t\t\t\t\t\t\t\t<div class=\"gv-grid-col-1-2 left gv-left\">\n\t\t\t\t\t\t<div class=\"gv-widget-pagination \"><p>Visar 1 - 3 av 3<\/p><\/div>\t\t\t\t\t<\/div>\n\t\t\t\t\t\t\t\t\t<div class=\"gv-grid-col-1-2 right gv-right\">\n\t\t\t\t\t\t\t\t\t\t\t<\/div>\n\t\t\t\t\t\t\t\t<\/div>\n\t\t\t\t\t<\/div>\n\n\t\t<div class=\"gv-list-container gv-list-multiple-container gv-container gv-container-400\">\n\t\t\t<div id=\"gv_list_11\" class=\"gv-list-view\">\n\n\t\t\n\t\t\t<div class=\"gv-list-view-title\">\n\t\t\t\t<h3 class=\"gv-field-3-8\"><a href=\"https:\/\/upplevsoderasen.se\/smakerfransoderasen\/recept\/entry\/11\/\"><img decoding=\"async\" src=\"https:\/\/upplevsoderasen.se\/smakerfransoderasen\/wp-content\/uploads\/sites\/3\/2024\/04\/kottbullar-med-potatis-brunsas-och-lingon-300x225.jpg\" width=\"250\" alt=\"Bild\" class=\"gv-image gv-field-id-8\" \/><\/a><\/h3><div id=\"gv-field-3-1\" class=\"gv-field-3-1\"><p><a href=\"https:\/\/upplevsoderasen.se\/smakerfransoderasen\/recept\/entry\/11\/\">K\u00f6ttbullar med potatis och bruns\u00e5s<\/a><\/p>\n<\/div><div id=\"gv-field-3-created_by\" class=\"gv-field-3-created_by\"><span class=\"gv-field-label\">Recept fr\u00e5n: <\/span><p>upplevsoderasen<\/p>\n<\/div>\t\t\t<\/div>\n\t\t\t\n\t\t<\/div>\n\n\t\t\t\t<div id=\"gv_list_29\" class=\"gv-list-view\">\n\n\t\t\n\t\t\t<div class=\"gv-list-view-title\">\n\t\t\t\t<h3 class=\"gv-field-3-8\"><a href=\"https:\/\/upplevsoderasen.se\/smakerfransoderasen\/recept\/entry\/29\/\"><img decoding=\"async\" src=\"https:\/\/upplevsoderasen.se\/smakerfransoderasen\/wp-content\/uploads\/sites\/3\/2024\/04\/vegetariskt-vegetariska-biffar-1-300x212.jpg\" width=\"250\" alt=\"Bild\" class=\"gv-image gv-field-id-8\" \/><\/a><\/h3><div id=\"gv-field-3-1\" class=\"gv-field-3-1\"><p><a href=\"https:\/\/upplevsoderasen.se\/smakerfransoderasen\/recept\/entry\/29\/\">Vegetariska biffar med potatis och bruns\u00e5s<\/a><\/p>\n<\/div><div id=\"gv-field-3-created_by\" class=\"gv-field-3-created_by\"><span class=\"gv-field-label\">Recept fr\u00e5n: <\/span><p>upplevsoderasen<\/p>\n<\/div>\t\t\t<\/div>\n\t\t\t\n\t\t<\/div>\n\n\t\t\t\t<div id=\"gv_list_31\" class=\"gv-list-view\">\n\n\t\t\n\t\t\t<div class=\"gv-list-view-title\">\n\t\t\t\t<h3 class=\"gv-field-3-8\"><a href=\"https:\/\/upplevsoderasen.se\/smakerfransoderasen\/recept\/entry\/31\/\"><img decoding=\"async\" src=\"https:\/\/upplevsoderasen.se\/smakerfransoderasen\/wp-content\/uploads\/sites\/3\/2024\/04\/pannbiff_med_lok-1-300x255.jpg\" width=\"250\" alt=\"Bild\" class=\"gv-image gv-field-id-8\" \/><\/a><\/h3><div id=\"gv-field-3-1\" class=\"gv-field-3-1\"><p><a href=\"https:\/\/upplevsoderasen.se\/smakerfransoderasen\/recept\/entry\/31\/\">Pannbiff med potatis och bruns\u00e5s<\/a><\/p>\n<\/div><div id=\"gv-field-3-created_by\" class=\"gv-field-3-created_by\"><span class=\"gv-field-label\">Recept fr\u00e5n: <\/span><p>upplevsoderasen<\/p>\n<\/div>\t\t\t<\/div>\n\t\t\t\n\t\t<\/div>\n\n\t\t\t<\/div>\n\t\t<div class=\"gv-grid gv-widgets-footer\">\n\t\t\t\t\t\t\t<div class=\"gv-grid-row\">\n\t\t\t\t\t\t\t\t\t<div class=\"gv-grid-col-1-2 left gv-left\">\n\t\t\t\t\t\t\t\t\t\t\t<\/div>\n\t\t\t\t\t\t\t\t\t<div class=\"gv-grid-col-1-2 right gv-right\">\n\t\t\t\t\t\t\t\t\t\t\t<\/div>\n\t\t\t\t\t\t\t\t<\/div>\n\t\t\t\t\t<\/div>\n\n\t\t<input type=\"hidden\" class=\"gravityview-view-id\" value=\"400\"><\/div>[\/et_pb_code][\/et_pb_column][\/et_pb_row][\/et_pb_section]<\/p>\n","protected":false},"excerpt":{"rendered":"<p>Recept H\u00e4r hittar du medlemmarnas egna favoritrecept<\/p>\n","protected":false},"author":1,"featured_media":0,"parent":0,"menu_order":0,"comment_status":"closed","ping_status":"closed","template":"","meta":{"_acf_changed":false,"_et_pb_use_builder":"on","_et_pb_old_content":"","_et_gb_content_width":"","footnotes":""},"class_list":["post-240","page","type-page","status-publish","hentry"],"acf":[],"_links":{"self":[{"href":"https:\/\/upplevsoderasen.se\/smakerfransoderasen\/wp-json\/wp\/v2\/pages\/240","targetHints":{"allow":["GET"]}}],"collection":[{"href":"https:\/\/upplevsoderasen.se\/smakerfransoderasen\/wp-json\/wp\/v2\/pages"}],"about":[{"href":"https:\/\/upplevsoderasen.se\/smakerfransoderasen\/wp-json\/wp\/v2\/types\/page"}],"author":[{"embeddable":true,"href":"https:\/\/upplevsoderasen.se\/smakerfransoderasen\/wp-json\/wp\/v2\/users\/1"}],"replies":[{"embeddable":true,"href":"https:\/\/upplevsoderasen.se\/smakerfransoderasen\/wp-json\/wp\/v2\/comments?post=240"}],"version-history":[{"count":0,"href":"https:\/\/upplevsoderasen.se\/smakerfransoderasen\/wp-json\/wp\/v2\/pages\/240\/revisions"}],"wp:attachment":[{"href":"https:\/\/upplevsoderasen.se\/smakerfransoderasen\/wp-json\/wp\/v2\/media?parent=240"}],"curies":[{"name":"wp","href":"https:\/\/api.w.org\/{rel}","templated":true}]}}